{"id":15,"date":"2023-11-28T22:23:20","date_gmt":"2023-11-28T22:23:20","guid":{"rendered":"https:\/\/roclinic.elevatestaging.host\/?page_id=15"},"modified":"2023-12-22T23:07:31","modified_gmt":"2023-12-22T23:07:31","slug":"toitumisprogramm","status":"publish","type":"page","link":"https:\/\/roclinic.ee\/index.php\/toitumisprogramm\/","title":{"rendered":"Toitumisprogramm"},"content":{"rendered":"\t\t<div data-elementor-type=\"wp-page\" data-elementor-id=\"15\" class=\"elementor elementor-15\" data-elementor-post-type=\"page\">\n\t\t\t\t<div class=\"elementor-element elementor-element-2b583bd e-flex e-con-boxed e-con e-parent\" data-id=\"2b583bd\" data-element_type=\"container\" data-settings=\"{&quot;background_background&quot;:&quot;classic&quot;}\">\n\t\t\t\t\t<div class=\"e-con-inner\">\n\t\t\t\t<div class=\"elementor-element elementor-element-b5bcff5 elementor-widget elementor-widget-heading\" data-id=\"b5bcff5\" data-element_type=\"widget\" data-widget_type=\"heading.default\">\n\t\t\t\t<div class=\"elementor-widget-container\">\n\t\t\t<style>\/*! elementor - v3.23.0 - 05-08-2024 *\/\n.elementor-heading-title{padding:0;margin:0;line-height:1}.elementor-widget-heading .elementor-heading-title[class*=elementor-size-]>a{color:inherit;font-size:inherit;line-height:inherit}.elementor-widget-heading .elementor-heading-title.elementor-size-small{font-size:15px}.elementor-widget-heading .elementor-heading-title.elementor-size-medium{font-size:19px}.elementor-widget-heading .elementor-heading-title.elementor-size-large{font-size:29px}.elementor-widget-heading .elementor-heading-title.elementor-size-xl{font-size:39px}.elementor-widget-heading .elementor-heading-title.elementor-size-xxl{font-size:59px}<\/style><h2 class=\"elementor-heading-title elementor-size-default\">Toitumisprogramm<\/h2>\t\t<\/div>\n\t\t\t\t<\/div>\n\t\t\t\t\t<\/div>\n\t\t\t\t<\/div>\n\t\t<div class=\"elementor-element elementor-element-e80f48f e-flex e-con-boxed e-con e-parent\" data-id=\"e80f48f\" data-element_type=\"container\">\n\t\t\t\t\t<div class=\"e-con-inner\">\n\t\t<div class=\"elementor-element elementor-element-1b4c9ad e-flex e-con-boxed e-con e-child\" data-id=\"1b4c9ad\" data-element_type=\"container\">\n\t\t\t\t\t<div class=\"e-con-inner\">\n\t\t<div class=\"elementor-element elementor-element-348b9d8 e-con-full e-flex e-con e-child\" data-id=\"348b9d8\" data-element_type=\"container\">\n\t\t\t\t<div class=\"elementor-element elementor-element-35c65c3 elementor-widget elementor-widget-heading\" data-id=\"35c65c3\" data-element_type=\"widget\" data-widget_type=\"heading.default\">\n\t\t\t\t<div class=\"elementor-widget-container\">\n\t\t\t<h2 class=\"elementor-heading-title elementor-size-default\">1.<br>\nIndividuaalse toitumisprogrammi v\u00e4lja t\u00f6\u00f6tamine<\/h2>\t\t<\/div>\n\t\t\t\t<\/div>\n\t\t\t\t<div class=\"elementor-element elementor-element-0ccef41 elementor-widget elementor-widget-text-editor\" data-id=\"0ccef41\" data-element_type=\"widget\" data-widget_type=\"text-editor.default\">\n\t\t\t\t<div class=\"elementor-widget-container\">\n\t\t\t<style>\/*! elementor - v3.23.0 - 05-08-2024 *\/\n.elementor-widget-text-editor.elementor-drop-cap-view-stacked .elementor-drop-cap{background-color:#69727d;color:#fff}.elementor-widget-text-editor.elementor-drop-cap-view-framed .elementor-drop-cap{color:#69727d;border:3px solid;background-color:transparent}.elementor-widget-text-editor:not(.elementor-drop-cap-view-default) .elementor-drop-cap{margin-top:8px}.elementor-widget-text-editor:not(.elementor-drop-cap-view-default) .elementor-drop-cap-letter{width:1em;height:1em}.elementor-widget-text-editor .elementor-drop-cap{float:left;text-align:center;line-height:1;font-size:50px}.elementor-widget-text-editor .elementor-drop-cap-letter{display:inline-block}<\/style>\t\t\t\t<p>Individuaalne toitumisprogramm t\u00f6\u00f6tatakse v\u00e4lja varjatud toidutalumatuse testi alusel. Pakume 135 ja111 toiduaine testi.<\/p><p>&#8211; 111 toiduaine test maksab 350 eurot (tavahind) ja selle tulemused saame kolme n\u00e4dala jooksul.<\/p>\t\t\t\t\t\t<\/div>\n\t\t\t\t<\/div>\n\t\t\t\t<\/div>\n\t\t\t\t\t<\/div>\n\t\t\t\t<\/div>\n\t\t\t\t\t<\/div>\n\t\t\t\t<\/div>\n\t\t<div class=\"elementor-element elementor-element-7a0896f e-flex e-con-boxed e-con e-parent\" data-id=\"7a0896f\" data-element_type=\"container\">\n\t\t\t\t\t<div class=\"e-con-inner\">\n\t\t<div class=\"elementor-element elementor-element-d6f98e9 e-flex e-con-boxed e-con e-child\" data-id=\"d6f98e9\" data-element_type=\"container\">\n\t\t\t\t\t<div class=\"e-con-inner\">\n\t\t<div class=\"elementor-element elementor-element-4d0d8dc e-con-full e-flex e-con e-child\" data-id=\"4d0d8dc\" data-element_type=\"container\">\n\t\t\t\t<div class=\"elementor-element elementor-element-3665d35 elementor-widget elementor-widget-heading\" data-id=\"3665d35\" data-element_type=\"widget\" data-widget_type=\"heading.default\">\n\t\t\t\t<div class=\"elementor-widget-container\">\n\t\t\t<h2 class=\"elementor-heading-title elementor-size-default\">135 toiduaine testi tabeli n\u00e4idis<\/h2>\t\t<\/div>\n\t\t\t\t<\/div>\n\t\t\t\t<div class=\"elementor-element elementor-element-4febed4 elementor-widget elementor-widget-image\" data-id=\"4febed4\" data-element_type=\"widget\" data-widget_type=\"image.default\">\n\t\t\t\t<div class=\"elementor-widget-container\">\n\t\t\t<style>\/*! elementor - v3.23.0 - 05-08-2024 *\/\n.elementor-widget-image{text-align:center}.elementor-widget-image a{display:inline-block}.elementor-widget-image a img[src$=\".svg\"]{width:48px}.elementor-widget-image img{vertical-align:middle;display:inline-block}<\/style>\t\t\t\t\t\t\t\t\t\t\t<a href=\"https:\/\/roclinic.ee\/wp-content\/uploads\/2023\/11\/Image-4.png\" data-elementor-open-lightbox=\"yes\" data-e-action-hash=\"#elementor-action%3Aaction%3Dlightbox%26settings%3DeyJpZCI6MjgwLCJ1cmwiOiJodHRwczpcL1wvcm9jbGluaWMuZWVcL3dwLWNvbnRlbnRcL3VwbG9hZHNcLzIwMjNcLzExXC9JbWFnZS00LnBuZyJ9\">\n\t\t\t\t\t\t\t<img fetchpriority=\"high\" decoding=\"async\" width=\"1257\" height=\"888\" src=\"https:\/\/roclinic.ee\/wp-content\/uploads\/2023\/11\/Image-4.png\" class=\"attachment-full size-full wp-image-280\" alt=\"\" srcset=\"https:\/\/roclinic.ee\/wp-content\/uploads\/2023\/11\/Image-4.png 1257w, https:\/\/roclinic.ee\/wp-content\/uploads\/2023\/11\/Image-4-300x212.png 300w, https:\/\/roclinic.ee\/wp-content\/uploads\/2023\/11\/Image-4-1024x723.png 1024w, https:\/\/roclinic.ee\/wp-content\/uploads\/2023\/11\/Image-4-768x543.png 768w\" sizes=\"(max-width: 1257px) 100vw, 1257px\" \/>\t\t\t\t\t\t\t\t<\/a>\n\t\t\t\t\t\t\t\t\t\t\t\t\t<\/div>\n\t\t\t\t<\/div>\n\t\t\t\t<\/div>\n\t\t\t\t\t<\/div>\n\t\t\t\t<\/div>\n\t\t\t\t\t<\/div>\n\t\t\t\t<\/div>\n\t\t<div class=\"elementor-element elementor-element-5162d2e e-flex e-con-boxed e-con e-parent\" data-id=\"5162d2e\" data-element_type=\"container\">\n\t\t\t\t\t<div class=\"e-con-inner\">\n\t\t<div class=\"elementor-element elementor-element-d203907 e-flex e-con-boxed e-con e-child\" data-id=\"d203907\" data-element_type=\"container\">\n\t\t\t\t\t<div class=\"e-con-inner\">\n\t\t<div class=\"elementor-element elementor-element-583003b e-con-full e-flex e-con e-child\" data-id=\"583003b\" data-element_type=\"container\">\n\t\t\t\t<div class=\"elementor-element elementor-element-a19ce25 elementor-widget elementor-widget-heading\" data-id=\"a19ce25\" data-element_type=\"widget\" data-widget_type=\"heading.default\">\n\t\t\t\t<div class=\"elementor-widget-container\">\n\t\t\t<h2 class=\"elementor-heading-title elementor-size-default\">111 toiduaine testi tabeli n\u00e4idis<\/h2>\t\t<\/div>\n\t\t\t\t<\/div>\n\t\t\t\t<div class=\"elementor-element elementor-element-b479f29 elementor-widget elementor-widget-image\" data-id=\"b479f29\" data-element_type=\"widget\" data-widget_type=\"image.default\">\n\t\t\t\t<div class=\"elementor-widget-container\">\n\t\t\t\t\t\t\t\t\t\t\t\t\t\t<a href=\"https:\/\/roclinic.ee\/wp-content\/uploads\/2023\/11\/NoPath.png\" data-elementor-open-lightbox=\"yes\" data-e-action-hash=\"#elementor-action%3Aaction%3Dlightbox%26settings%3DeyJpZCI6MjgxLCJ1cmwiOiJodHRwczpcL1wvcm9jbGluaWMuZWVcL3dwLWNvbnRlbnRcL3VwbG9hZHNcLzIwMjNcLzExXC9Ob1BhdGgucG5nIn0%3D\">\n\t\t\t\t\t\t\t<img decoding=\"async\" width=\"1257\" height=\"888\" src=\"https:\/\/roclinic.ee\/wp-content\/uploads\/2023\/11\/NoPath.png\" class=\"attachment-full size-full wp-image-281\" alt=\"\" srcset=\"https:\/\/roclinic.ee\/wp-content\/uploads\/2023\/11\/NoPath.png 1257w, https:\/\/roclinic.ee\/wp-content\/uploads\/2023\/11\/NoPath-300x212.png 300w, https:\/\/roclinic.ee\/wp-content\/uploads\/2023\/11\/NoPath-1024x723.png 1024w, https:\/\/roclinic.ee\/wp-content\/uploads\/2023\/11\/NoPath-768x543.png 768w\" sizes=\"(max-width: 1257px) 100vw, 1257px\" \/>\t\t\t\t\t\t\t\t<\/a>\n\t\t\t\t\t\t\t\t\t\t\t\t\t<\/div>\n\t\t\t\t<\/div>\n\t\t\t\t<\/div>\n\t\t\t\t\t<\/div>\n\t\t\t\t<\/div>\n\t\t\t\t\t<\/div>\n\t\t\t\t<\/div>\n\t\t<div class=\"elementor-element elementor-element-a23bf8a e-flex e-con-boxed e-con e-parent\" data-id=\"a23bf8a\" data-element_type=\"container\" data-settings=\"{&quot;background_background&quot;:&quot;classic&quot;}\">\n\t\t\t\t\t<div class=\"e-con-inner\">\n\t\t<div class=\"elementor-element elementor-element-9f9b9c2 e-flex e-con-boxed e-con e-child\" data-id=\"9f9b9c2\" data-element_type=\"container\">\n\t\t\t\t\t<div class=\"e-con-inner\">\n\t\t<div class=\"elementor-element elementor-element-6618a7a e-con-full e-flex e-con e-child\" data-id=\"6618a7a\" data-element_type=\"container\">\n\t\t\t\t<div class=\"elementor-element elementor-element-1e2ba1c elementor-widget elementor-widget-heading\" data-id=\"1e2ba1c\" data-element_type=\"widget\" data-widget_type=\"heading.default\">\n\t\t\t\t<div class=\"elementor-widget-container\">\n\t\t\t<h2 class=\"elementor-heading-title elementor-size-default\">2.<br>\nTesti tulemused<\/h2>\t\t<\/div>\n\t\t\t\t<\/div>\n\t\t\t\t<div class=\"elementor-element elementor-element-9ba1b3c elementor-widget elementor-widget-text-editor\" data-id=\"9ba1b3c\" data-element_type=\"widget\" data-widget_type=\"text-editor.default\">\n\t\t\t\t<div class=\"elementor-widget-container\">\n\t\t\t\t\t\t\t<p>Patsiendi k\u00e4tte j\u00f5uavad tulemused testitud toiduainete t\u00e4ieliku loendina, mis reeglina jagatakse tinglikult kolmeks (punane, kollane, roheline) nimekirjaks. Punase nimekirja toiduained tuleb t\u00e4ielikult v\u00e4listada. Kollase nimekirja toiduaineid ei soovitata kasutada.<\/p><p>Toitumisprogramm koostatakse ainult rohelise nimekirja toiduainetest.<\/p>\t\t\t\t\t\t<\/div>\n\t\t\t\t<\/div>\n\t\t\t\t<\/div>\n\t\t\t\t\t<\/div>\n\t\t\t\t<\/div>\n\t\t<div class=\"elementor-element elementor-element-e6d5eca e-flex e-con-boxed e-con e-child\" data-id=\"e6d5eca\" data-element_type=\"container\">\n\t\t\t\t\t<div class=\"e-con-inner\">\n\t\t<div class=\"elementor-element elementor-element-19e113a e-flex e-con-boxed e-con e-child\" data-id=\"19e113a\" data-element_type=\"container\">\n\t\t\t\t\t<div class=\"e-con-inner\">\n\t\t<div class=\"elementor-element elementor-element-eb8fda2 e-con-full e-flex e-con e-child\" data-id=\"eb8fda2\" data-element_type=\"container\">\n\t\t\t\t<div class=\"elementor-element elementor-element-9fb8d8d elementor-widget elementor-widget-heading\" data-id=\"9fb8d8d\" data-element_type=\"widget\" data-widget_type=\"heading.default\">\n\t\t\t\t<div class=\"elementor-widget-container\">\n\t\t\t<h2 class=\"elementor-heading-title elementor-size-default\">111 toiduaine testi tulemuse n\u00e4idis<\/h2>\t\t<\/div>\n\t\t\t\t<\/div>\n\t\t\t\t<div class=\"elementor-element elementor-element-3effe29 elementor-widget elementor-widget-image\" data-id=\"3effe29\" data-element_type=\"widget\" data-widget_type=\"image.default\">\n\t\t\t\t<div class=\"elementor-widget-container\">\n\t\t\t\t\t\t\t\t\t\t\t\t\t<img decoding=\"async\" width=\"1257\" height=\"888\" src=\"https:\/\/roclinic.ee\/wp-content\/uploads\/2023\/11\/NoPath.png\" class=\"attachment-full size-full wp-image-281\" alt=\"\" srcset=\"https:\/\/roclinic.ee\/wp-content\/uploads\/2023\/11\/NoPath.png 1257w, https:\/\/roclinic.ee\/wp-content\/uploads\/2023\/11\/NoPath-300x212.png 300w, https:\/\/roclinic.ee\/wp-content\/uploads\/2023\/11\/NoPath-1024x723.png 1024w, https:\/\/roclinic.ee\/wp-content\/uploads\/2023\/11\/NoPath-768x543.png 768w\" sizes=\"(max-width: 1257px) 100vw, 1257px\" \/>\t\t\t\t\t\t\t\t\t\t\t\t\t<\/div>\n\t\t\t\t<\/div>\n\t\t\t\t<\/div>\n\t\t\t\t\t<\/div>\n\t\t\t\t<\/div>\n\t\t\t\t\t<\/div>\n\t\t\t\t<\/div>\n\t\t\t\t\t<\/div>\n\t\t\t\t<\/div>\n\t\t<div class=\"elementor-element elementor-element-9f67042 e-flex e-con-boxed e-con e-parent\" data-id=\"9f67042\" data-element_type=\"container\">\n\t\t\t\t\t<div class=\"e-con-inner\">\n\t\t<div class=\"elementor-element elementor-element-e371889 e-flex e-con-boxed e-con e-child\" data-id=\"e371889\" data-element_type=\"container\">\n\t\t\t\t\t<div class=\"e-con-inner\">\n\t\t<div class=\"elementor-element elementor-element-74a8581 e-con-full e-flex e-con e-child\" data-id=\"74a8581\" data-element_type=\"container\">\n\t\t\t\t<div class=\"elementor-element elementor-element-733efbc elementor-widget elementor-widget-heading\" data-id=\"733efbc\" data-element_type=\"widget\" data-widget_type=\"heading.default\">\n\t\t\t\t<div class=\"elementor-widget-container\">\n\t\t\t<h2 class=\"elementor-heading-title elementor-size-default\">3.<br>\nToiduainete sobivuse tabel<\/h2>\t\t<\/div>\n\t\t\t\t<\/div>\n\t\t\t\t<div class=\"elementor-element elementor-element-3ad9139 elementor-widget elementor-widget-text-editor\" data-id=\"3ad9139\" data-element_type=\"widget\" data-widget_type=\"text-editor.default\">\n\t\t\t\t<div class=\"elementor-widget-container\">\n\t\t\t\t\t\t\t<p>Seej\u00e4rel koostatakse rohelise nimekirja lubatud toiduainete alusel toiduainete kokkusobivuse tabel.<\/p>\t\t\t\t\t\t<\/div>\n\t\t\t\t<\/div>\n\t\t\t\t<div class=\"elementor-element elementor-element-b6e738e elementor-widget elementor-widget-heading\" data-id=\"b6e738e\" data-element_type=\"widget\" data-widget_type=\"heading.default\">\n\t\t\t\t<div class=\"elementor-widget-container\">\n\t\t\t<h2 class=\"elementor-heading-title elementor-size-default\">111 toiduaine testi tabeli n\u00e4idis<\/h2>\t\t<\/div>\n\t\t\t\t<\/div>\n\t\t\t\t<div class=\"elementor-element elementor-element-4d58369 elementor-widget elementor-widget-image\" data-id=\"4d58369\" data-element_type=\"widget\" data-widget_type=\"image.default\">\n\t\t\t\t<div class=\"elementor-widget-container\">\n\t\t\t\t\t\t\t\t\t\t\t\t\t\t<a href=\"https:\/\/roclinic.ee\/wp-content\/uploads\/2023\/11\/NoPath-Copy-29.png\" data-elementor-open-lightbox=\"yes\" data-e-action-hash=\"#elementor-action%3Aaction%3Dlightbox%26settings%3DeyJpZCI6Mjg3LCJ1cmwiOiJodHRwczpcL1wvcm9jbGluaWMuZWVcL3dwLWNvbnRlbnRcL3VwbG9hZHNcLzIwMjNcLzExXC9Ob1BhdGgtQ29weS0yOS5wbmcifQ%3D%3D\">\n\t\t\t\t\t\t\t<img decoding=\"async\" width=\"810\" height=\"1147\" src=\"https:\/\/roclinic.ee\/wp-content\/uploads\/2023\/11\/NoPath-Copy-29.png\" class=\"attachment-full size-full wp-image-287\" alt=\"\" srcset=\"https:\/\/roclinic.ee\/wp-content\/uploads\/2023\/11\/NoPath-Copy-29.png 810w, https:\/\/roclinic.ee\/wp-content\/uploads\/2023\/11\/NoPath-Copy-29-212x300.png 212w, https:\/\/roclinic.ee\/wp-content\/uploads\/2023\/11\/NoPath-Copy-29-723x1024.png 723w, https:\/\/roclinic.ee\/wp-content\/uploads\/2023\/11\/NoPath-Copy-29-768x1088.png 768w\" sizes=\"(max-width: 810px) 100vw, 810px\" \/>\t\t\t\t\t\t\t\t<\/a>\n\t\t\t\t\t\t\t\t\t\t\t\t\t<\/div>\n\t\t\t\t<\/div>\n\t\t\t\t<\/div>\n\t\t\t\t\t<\/div>\n\t\t\t\t<\/div>\n\t\t\t\t\t<\/div>\n\t\t\t\t<\/div>\n\t\t\t\t<\/div>\n\t\t","protected":false},"excerpt":{"rendered":"<p>Toitumisprogramm 1. Individuaalse toitumisprogrammi v\u00e4lja t\u00f6\u00f6tamine Individuaalne toitumisprogramm t\u00f6\u00f6tatakse v\u00e4lja varjatud toidutalumatuse testi alusel. Pakume 135 ja111 toiduaine testi. &#8211; 111 toiduaine test maksab 350 eurot (tavahind) ja selle tulemused saame kolme n\u00e4dala jooksul. 135 toiduaine testi tabeli n\u00e4idis 111 toiduaine testi tabeli n\u00e4idis 2. Testi tulemused Patsiendi k\u00e4tte j\u00f5uavad tulemused testitud toiduainete t\u00e4ieliku loendina, [&hellip;]<\/p>\n","protected":false},"author":1,"featured_media":0,"parent":0,"menu_order":0,"comment_status":"closed","ping_status":"closed","template":"","meta":{"footnotes":""},"class_list":["post-15","page","type-page","status-publish","hentry"],"_links":{"self":[{"href":"https:\/\/roclinic.ee\/index.php\/wp-json\/wp\/v2\/pages\/15","targetHints":{"allow":["GET"]}}],"collection":[{"href":"https:\/\/roclinic.ee\/index.php\/wp-json\/wp\/v2\/pages"}],"about":[{"href":"https:\/\/roclinic.ee\/index.php\/wp-json\/wp\/v2\/types\/page"}],"author":[{"embeddable":true,"href":"https:\/\/roclinic.ee\/index.php\/wp-json\/wp\/v2\/users\/1"}],"replies":[{"embeddable":true,"href":"https:\/\/roclinic.ee\/index.php\/wp-json\/wp\/v2\/comments?post=15"}],"version-history":[{"count":13,"href":"https:\/\/roclinic.ee\/index.php\/wp-json\/wp\/v2\/pages\/15\/revisions"}],"predecessor-version":[{"id":479,"href":"https:\/\/roclinic.ee\/index.php\/wp-json\/wp\/v2\/pages\/15\/revisions\/479"}],"wp:attachment":[{"href":"https:\/\/roclinic.ee\/index.php\/wp-json\/wp\/v2\/media?parent=15"}],"curies":[{"name":"wp","href":"https:\/\/api.w.org\/{rel}","templated":true}]}}